 to base 12.
189454
-278316 (base 11) to base 12
-190115
Convert 4113101 (base 6) to base 2.
101111111100011101
What is 12ab74 (base 15) in base 13?
25535b
-110101010000110011000 (base 2) to base 7
-20556231
What is 7430642 (base 8) in base 5?
1001310121
21b97 (base 15) to base 10
107242
543007 (base 9) to base 14
85d63
What is -8958115 (base 11) in base 3?
-1002112221111101
Convert 3c880 (base 14) to base 4.
210211200
What is 2567 (base 13) in base 16?
14cc
What is -21303113333 (base 4) in base 2?
-1001110011010111111111
2510882 (base 10) to base 4
21211000202
-1020001000101 (base 3) to base 4
-2132300212
Convert -55335433 (base 6) to base 8.
-6254755
What is 100000110010111111 (base 2) in base 15?
29c0a
11221222202 (base 3) to base 12
4863b
What is -201102020201 (base 3) in base 10?
-382177
What is -14423134 (base 5) in base 15?
-30ce9
What is 35208434 (base 9) in base 11?
9740359
12357c (base 14) to base 2
10011000010101101010
Convert -32bdc (base 14) to base 5.
-12414321
Convert -2277ba (base 12) to base 2.
-10000110110110111110
Convert -94313 (base 10) to base 4.
-113001221
What is 123100130332 (base 4) in base 13?
163239a
What is 17054ba (base 12) in base 11?
2746115
-2470113 (base 9) to base 14
-2702a6
10110010012 (base 3) to base 2
10000100100101011
Convert a6399 (base 13) to base 12.
125341
321233033 (base 4) to base 11
151756
What is 1101020011211 (base 3) in base 12?
2b4087
What is -a923a0 (base 11) in base 10?
-1745414
Convert 22795 (base 15) to base 11.
75481
Convert -1021221222112 (base 3) to base 15.
-d8d78
What is 61b5c (base 15) in base 5?
34402222
30320033 (base 5) to base 3
110110002202
What is -1240c (base 13) in base 10?
-33643
-3112022332 (base 4) to base 11
-54a0a7
-373 (base 15) to base 14
-3dd
What is -6667 (base 16) in base 4?
-12121213
-168834 (base 10) to base 7
-1302141
What is -23211302331 (base 4) in base 15?
-4003ec
Convert -3547541 (base 8) to base 14.
-1b3a01
12011220221200 (base 3) to base 6
135010330
Convert 1111101010100111001 (base 2) to base 10.
513337
What is 2003041 (base 8) in base 7?
4320053
-121231331 (base 5) to base 11
-35a977
What is 10703 (base 15) in base 10?
52203
What is -148408 (base 16) in base 9?
-2468301
2100112011 (base 3) to base 5
2440214
-924413 (base 10) to base 9
-1658045
-1030142220 (base 5) to base 8
-10274033
Convert 177742 (base 8) to base 12.
31aaa
Convert -414332 (base 6) to base 8.
-101160
What is 616a7 (base 13) in base 11?
10a2a1
What is -1143923 (base 10) in base 6?
-40303535
-1202210 (base 3) to base 16
-50a
What is -112112212222 (base 3) in base 8?
-1057317
Convert -851b8 (base 13) to base 15.
-4b0b3
-7494a (base 11) to base 13
-3a791
What is -a67864 (base 12) in base 5?
-1133013220
What is -1100001011001000011 (base 2) in base 5?
-100231130
What is -1081005 (base 12) in base 2?
-1100000001111011000101
142755 (base 11) to base 10
223184
-1071395 (base 11) to base 5
-440011341
-205032 (base 6) to base 12
-9778
What is -5203a8 (base 11) in base 5?
-203210033
10335024 (base 6) to base 9
518747
What is 10011100100000111 (base 2) in base 6?
1414555
Convert -6524568 (base 11) to base 7.
-166330650
-3342311 (base 7) to base 2
-1100101000001110101
106505416 (base 7) to base 14
c29646
57882 (base 11) to base 5
10133310
-31330032000 (base 4) to base 2
-1101111100001110000000
What is -93a5b (base 15) in base 7?
-3656453
Convert -21002110001010 (base 3) to base 13.
-a1c22c
530084 (base 9) to base 12
132364
Convert 22110020 (base 3) to base 9.
8406
11131133112 (base 4) to base 7
15111333
Convert 973a (base 15) to base 11.
22056
22875 (base 15) to base 5
12004120
What is -13443050 (base 9) in base 6?
-354205500
What is -280ae2 (base 16) in base 13?
-70b5c7
What is -11322310321 (base 4) in base 3?
-2220211111101
Convert 1222001010 (base 3) to base 14.
1013d
What is -22836 (base 16) in base 12?
-69986
What is 4301232 (base 7) in base 4?
1333110021
Convert -4215045 (base 6) to base 15.
-4093b
2806d0 (base 16) to base 12
a66068
Convert -3003708 (base 9) to base 4.
-12011322131
What is 44552012 (base 7) in base 15?
514238
-14e4a3 (base 15) to base 10
-1010178
What is 124231304 (base 5) in base 16?
96ce8
53045245 (base 6) to base 11
9665a7
Convert 10363643 (base 7) to base 11.
558510
11011010100001110101011 (base 2) to base 3
111110210200212
What is -25130013 (base 8) in base 16?
-54b00b
What is -236a419 (base 11) in base 7?
-50041540
What is -418780 (base 9) in base 4?
-330312030
Convert 11000112020122 (base 3) to base 12.
870245
Convert -10a9a1 (base 13) to base 6.
-12244151
-1171552 (base 10) to base 12
-485b94
Convert -120203112 (base 4) to base 16.
-188d6
What is 3cbb (base 13) in base 6?
104341
-5c821 (base 13) to base 12
-82844
Convert -326597 (base 10) to base 12.
-139005
100210243 (base 5) to base 10
397573
Convert -30024401 (base 5) to base 8.
-715302
What is -100111111101101110 (base 2) in base 6?
-3301502
20102202211 (base 4) to base 6
114324341
What is -10000010111001100001 (base 2) in base 7?
-4362103
What is 1011010100110010000100 (base 2) in base 10?
2968708
Convert 18bab (base 15) to base 10.
80261
-252a2 (base 13) to base 5
-4143302
Convert 20331033 (base 5) to base 16.
28edb
7e6061 (base 16) to base 13
193ca20
9a350 (base 11) to base 4
203201121
Convert -1000100110001010111010 (base 2) to base 7.
-25103652
Convert -7c54a6 (base 15) to base 11.
-3398670
-16941a (base 11) to base 7
-2136021
Convert -303302122023 (base 4) to base 10.
-13575819
Convert -40541001 (base 7) to base 2.
-1100111011001011111011
Convert 11101001110122 (base 3) to base 2.
1000110111010011010000
What is -23983 (base 15) in base 11?
-78323
Convert 103251604 (base 7) to base 13.
137a856
Convert 1100043400 (base 5) to base 7.
25642523
Convert 41334251 (base 6) to base 15.
188e3d
What is 197541 (base 11) in base 9?
511310
Convert 156405 (base 9) to base 6.
2023005
What is -111001101110010101110 (base 2) in base 16?
-1cdcae
-110010 (base 7) to base 10
-19215
What is -113775 (base 8) in base 3?
-1222101002
Convert -5431553 (base 6) to base 13.
-953c4
Convert 31230031023 (base 4) to base 8.
15541513
-1000011110010100011 (base 2) to base 6
-5541255
-2ac93 (base 14) to base 15
-2196d
What is -1623715 (base 8) in base 2?
-1110010011111001101
What is 11340112 (base 6) in base 7?
3006263
What is -269429 (base 11) in base 16?
-6722a
3232432 (base 5) to base 10
55367
143345214 (base 6) to base 7
34143661
1101002210010 (base 3) to base 15
e65b9
Convert 282137 (base 9) to base 14.
46a51
c84a2 (base 14) to base 9
816663
-8757664 (base 10) to base 6
-511412424
-2c0aa5 (base 15) to base 11
-1224321
-ba5014 (base 13) to base 14
-82072b
Convert -446362 (base 7) to base 16.
-134e9
Convert 150309 (base 14) to base 12.
2b28b1
What is -3a574 (base 12) in base 10?
-80296
What is -1103836 (base 10) in base 7?
-12245116
-1307654 (base 14) to base 9
-18215818
Convert 87372 (base 15) to base 14.
b26bd
Convert 121203333 (base 4) to base 6.
2124423
Convert -100000001001101010101110 (base 2) to base 4.
-200021222232
Convert -50284 (base 10) to base 15.
-ed74
Convert 1876083 (base 9) to base 12.
42a0a9
-112444144 (base 5) to base 10
-515549
-10444201 (base 5) to base 16
-16dec
What is 1e76a7 (base 16) in base 7?
22653366
Convert -41232723 (base 8) to base 12.
-2b10157
11320212 (base 4) to base 8
57046
Convert -141543203 (base 6) to base 4.
-23001300303
-4d9b84 (base 14) to base 15
-37d5b7
What is -1ab473 (base 15) in base 4?
-10332103032
What is -270ee (base 15) in base 6?
-2403055
What is 44314322 (base 5) in base 13?
106677
What is 1721848 (base 10) in base 15?
24029d
-255220 (base 6) to base 9
-34733
What is 144232242 (base 6) in base 9?
5581348
3aeeb (base 16) to base 11
1553a3
What is 354205 (base 6) in base 12?
15965
What is -1011100100001101111 (base 2) in base 6?
-12042331
-11101201102101 (base 3) to base 11
-1356700
-133054 (base 9) to base 8
-236110
What is 2261401 (base 8) in base 11?
390205
Convert 1121220022202 (base 3) to base 16.
d2f65
Convert 3203221 (base 5) to base 9.
81422
What is -6a1093 (base 14) in base 6?
-205243213
56a68 (base 14) to base 10
210596
What is -143332415 (base 6) in base 11?
-1747282
-3504a4 (base 12) to base 13
-23a3a0
Convert a6573 (base 11) to base 3.
21212201202
989780 (base 10) to base 2
1